))*70. What is the highest common factor of 6460 and m?
20
Let b(k) = 48*k**2 + 28*k - 420. Let p be b(8). Calculate the highest common factor of 12 and p.
4
Let g be (9 + -10)*-13*(-1 + 3) + 2. Calculate the highest common factor of g and 1196.
4
Suppose -2*q + 4*n + 926 = 0, n + 21 = -q + 487. Let g = 483 - q. Calculate the highest common divisor of g and 66.
6
Let l(t) = 2*t - 28. Let h be l(19). Let m be (-6)/h + (-14)/10. Let x(j) = 4*j**2 + j + 2. Let k be x(m). Calculate the greatest common factor of k and 128.
16
Let z = -7221 + 10147. Calculate the greatest common factor of z and 110.
22
Suppose 4*x - 892 = 2*p, 4*x - 3*p = 461 + 429. Let h = x + -216. Suppose 4*a + 3 - 19 = 0. What is the highest common divisor of a and h?
4
Suppose -67119 = -35371*j + 35368*j. What is the greatest common factor of j and 13?
13
Let u be 1350/198 - 4/(-22). Suppose 5*l - 1 = 14. Let x be (-3)/(-6)*(5 - l). What is the greatest common divisor of x and u?
1
Suppose 0 = 4*s - 4*f - 25704, -3398 = -2*s - 2*f + 9430. What is the highest common factor of s and 30?
30
Suppose 2*d = 0, 4*c - 3*d - 840 = c. What is the highest common factor of 1000 and c?
40
Suppose 206*j + 28 = 202*j, -b - 3*j + 13127 = 0. What is the highest common divisor of 76 and b?
76
Let i = 1927 + 454. Suppose -11*u + 10125 - i = 0. What is the highest common divisor of u and 11?
11
Suppose v = 8 - 5. Suppose v*s - 3*n - 123 = 0, 2*s + 2*n - 31 = 47. Calculate the greatest common divisor of s and 20.
20
Let d be -2 + (-13)/(-6) + (-112667)/(-366). Suppose -81*a + d = -79*a. Calculate the greatest common divisor of a and 42.
14
Let x = 13 - -68. Let j = x - 142. Let f = j + 94. What is the highest common factor of 231 and f?
33
Suppose 5*m - 6*k = 143868, 4*k = -298*m + 293*m + 143788. Calculate the highest common factor of m and 68.
68
Let t(y) = -8*y - 18. Let g be t(-12). Let z = g - 90. Let a be (-90)/(-4) - z/(-8). What is the greatest common factor of 147 and a?
21
Let z be 15350/45 - ((-128)/8)/(-144). Calculate the highest common factor of z and 385.
11
Let v be (6 - -3826)*(8 + -5). Calculate the greatest common divisor of 8 and v.
8
Suppose -57*r + 53*r - l + 1268 = 0, 5*r - 3*l = 1568. Let d be -2 + -3*1/(-3) + r. Calculate the highest common divisor of d and 90.
45
Let c(w) = 9*w**2 - 9*w + 45. Let t be c(20). Let u be t/9 - (2 - 4). Let p(s) = 3*s**2 - 6*s - 2. Let o be p(5). What is the highest common divisor of o and u?
43
Suppose 12*n + n = -6708. Let x = n + 554. Calculate the greatest common factor of x and 133.
19
Suppose 46*a + 2*m - 264 = 42*a, -m + 66 = a. Calculate the greatest common factor of a and 4125.
33
Let j be 282/8*(86/6 - 5). Let o = 6 - -41. Calculate the greatest common factor of o and j.
47
Suppose -22*v = -741 - 2955. Calculate the greatest common factor of v and 600.
24
Let f = 91 + -28. Suppose -60*s - 384 = -f*s. Calculate the greatest common divisor of 64 and s.
64
Let c = -194 + 170. Let j(n) = -3*n**2 - 72*n + 7. Let h be j(c). Calculate the highest common divisor of h and 63.
7
Suppose -44*h + 9166 = 1862. Let a = h + 329. Suppose 5*o - 52 = 223. What is the greatest common divisor of o and a?
55
Suppose 99 = 3*y + 2*u - 118, 3*u = 6. Suppose -y = 3*l + 2*a - 212, -5*l = -3*a - 235. What is the greatest common factor of 376 and l?
47
Let q = -2 - -6. Let l = 20 + q. Let x = 230 + -38. What is the highest common divisor of l and x?
24
Suppose -23653 + 20181 = -28*m. What is the highest common factor of 4154 and m?
62
Let u = -92 - -228. Let n(b) = -b**3 - 87*b**2 + 3*b + 278. Let i be n(-87). Calculate the highest common factor of u and i.
17
Let r be 182/8 + -2 + 13/52. What is the greatest common factor of r and 581?
7
Let n = -10128 + 10131. Calculate the highest common factor of n and 19650.
3
Suppose -472 = -15*q + 10*q - 3*q. What is the greatest common divisor of q and 3127?
59
Let a(q) be the second derivative of -q**3/6 + 7*q**2/2 - 5*q. Let l be a(-14). Suppose -l*o + 270 = -18*o. What is the greatest common divisor of 18 and o?
18
Suppose 0 = -7*d + 22*d - 375. Let f(k) = 125*k**2. Let s be (-12)/6 + (3 - 0). Let l be f(s). What is the highest common divisor of l and d?
25
Let k = 81 + -76. Suppose 560 = 5*q - 2*v, -k*q + v - 2*v = -545. What is the greatest common divisor of 275 and q?
55
Let q(b) = b**3 + 11*b**2 + 8*b + 16. Let g be q(-11). Let f = g - -184. What is the greatest common divisor of f and 84?
28
Let d(s) = -154*s + 1569. Let r be d(10). What is the greatest common divisor of r and 2059?
29
Let v be 6/(-4)*152/(-6). Let p = -639 + 1. Let c = p + 657. Calculate the highest common divisor of v and c.
19
Let r be 606/5 - ((-8)/10 - 0). Let n = r - -11. Calculate the greatest common factor of 7 and n.
7
Let o = 13 + 15. Suppose 0 = n - x + o, -2*x = -4*n + 7*n + 69. Let f(m) = m + 41. Let l be f(n). Calculate the greatest common divisor of l and 4.
4
Let d = -34593 - -34643. Calculate the greatest common divisor of d and 74.
2
Let q(v) = 3*v**2 - v. Let f be q(1). Suppose l = -f*l + 36. Let h(c) = 4*c + 268. Let s be h(-43). Calculate the greatest common divisor of l and s.
12
Let s = 6740 + -4112. What is the greatest common factor of s and 36?
36
Let d = 1153 + -783. Suppose -20*h + d = -10*h. Calculate the greatest common divisor of 37 and h.
37
Let y = 1418 + -1117. Suppose 5*j = 6*k - 8*k + 221, -k + 46 = j. What is the highest common factor of j and y?
43
Let o be (-118)/(-4) + (-2)/(-4). Let t be 2/(-25) + (-100520)/(-250). Let n = t + -390. Calculate the greatest common divisor of n and o.
6
Let j(i) = -89*i**2 - i - 14. Let d be j(5). Let g be (3/(-6))/((-1)/d). Let x be 4*1*g/(-88). Calculate the highest common divisor of 34 and x.
17
Let r(h) = -2*h**2 - 80*h + 2450. Let y be r(20). What is the highest common divisor of y and 225?
25
Let c = -14 + -19. Let l(p) = 2*p + 2. Let a be l(-12). Let u be 3*26*c/a. What is the highest common divisor of 13 and u?
13
Let f be 156/(-4)*(110/(-15) + 2). Calculate the highest common factor of f and 1157.
13
Let y = -2183 + 2213. Calculate the highest common divisor of 7710 and y.
30
Let o be ((-12)/((-3)/1))/((-7 - -15)/680). Calculate the highest common factor of o and 620.
20
Let c(b) = b**3 - 6*b**2 - 22*b - 3. Let m be c(9). Suppose -2*d = -5*d - 2*f + m, 5*d - 5*f = 70. Calculate the highest common divisor of d and 7.
7
Let o be -4 + (-22)/(-6) - (-1075)/3. Suppose -14*x - o = -918. Suppose -3*q - q = -x. Calculate the highest common factor of 70 and q.
10
Let l(x) = -6*x**3 - 2*x. Let f be l(1). Let i be f*(1 - (0 - -2)). Let j be (-2 - -34) + (2 - 2). Calculate the highest common factor of i and j.
8
Suppose -100 = -5*a + 3*c + 2*c, 12 = 3*c. Suppose -m = 2*m - a. Let z = -1848 - -1936. What is the greatest common factor of m and z?
8
Suppose -5*s + 5 = -0*s. Let b(m) = m**3 - 21*m**2 + 22*m - 30. Let v be b(20). Let d be (v/14*1)/(2/14). What is the greatest common factor of s and d?
1
Suppose 20 + 37 = 19*s. Suppose 2*t - t + 166 = s*v, v + 5*t = 66. What is the greatest common factor of 7 and v?
7
Let f be 142 - ((-10)/(-2) - 6). Let p = 170 - f. Calculate the highest common factor of p and 297.
27
Suppose 3817 - 40430 = -t - 46*t. Calculate the highest common divisor of t and 589.
19
Let a be (16/(-24))/(38/42 + -1). Let c = a - 8. Let h be (c*(-4)/5)/((-1)/(-5)). Calculate the greatest common divisor of h and 20.
4
Suppose -b = -2*q + 487, -2*q = q - 3*b - 726. Suppose 2633 - 526 = 43*m. Calculate the highest common divisor of q and m.
49
Suppose -14*w + 6992 = 7*w - 22345. What is the highest common divisor of 1143 and w?
127
Let k be (-8)/((138/(-1008))/(-23)). Let v be (2/(-3))/(-2) - k/72. What is the greatest common factor of v and 323?
19
Let f = 1357 + -1353. Calculate the greatest common factor of f and 3548.
4
Let m = 10 + -7. Let i = -29599 - -29614. What is the highest common divisor of m and i?
3
Suppose 3*l + 2*u = 149, 67*l - 5*u = 62*l + 240. Calculate the highest common factor of 39739 and l.
49
Let d(k) = -47*k**3 + 88*k**3 - 1 - 37*k**3 - k + 3*k. Let l = 4 + -3. Let y be d(l). What is the highest common divisor of y and 5?
5
Let j = 360 - 320. Let l = 41 - 35. Suppose -3*i + 23 = a, 2*a + 4*i - 6 = l*i. What is the highest common factor o